{"id":1217,"date":"2018-11-09T15:59:12","date_gmt":"2018-11-09T14:59:12","guid":{"rendered":"https:\/\/www.franzelbernturnier.de\/?page_id=1217"},"modified":"2019-06-14T13:49:50","modified_gmt":"2019-06-14T11:49:50","slug":"f-jugend-jh-2011","status":"publish","type":"page","link":"https:\/\/www.franzelbernturnier.de\/index.php\/archiv\/turnierplaene-2024\/f-jugend-jh-2011\/","title":{"rendered":"F-Jugend (Jh. 2011)"},"content":{"rendered":"<p>Jahrgang: 2011 (j\u00fcngere F-Jugend)<br \/>\nSpielzeit: 1 x 10 Minuten<br \/>\nPausen: 2 Minuten<br \/>\nPl\u00e4tze: 3 Rasenpl\u00e4tze<br \/>\nModus: 7 gegen 7<br \/>\nTurnierbeginn: 9 Uhr<br \/>\nTurnierende: ca. 13:30 Uhr<br \/>\nTag des Turniers: Samstag, den 15.06.2019<br \/>\nTurnierplan: <a href=\"https:\/\/www.franzelbernturnier.de\/wp-content\/uploads\/2019\/06\/f_u8_fet_2019.pdf\">Download<\/a> (<em>PDF &#8211; 42 kb<\/em>)<\/p>\n<p><strong>Teilnehmer (15\/16)<br \/>\n<\/strong><\/p>\n<ul>\n<li>JSG Beuel F2<\/li>\n<li>JSG Beuel F4<\/li>\n<li>SV Deutz 05<\/li>\n<li>SV Rot-Wei\u00df R\u00f6ttgen I &amp; II<\/li>\n<li>SpVg K\u00f6ln Flittard<\/li>\n<li>SSV Merten<\/li>\n<li>CfB Ford Niehl<\/li>\n<li>SC Altendorf-Ersdorf<\/li>\n<li>1. FC Niederkassel<\/li>\n<li>SSV Berghausen<\/li>\n<li>FV Preu\u00dfen Bonn<\/li>\n<li>VfR Hangelar<\/li>\n<li>SuS Nippes 12<\/li>\n<li>TuS G. Hersel<\/li>\n<\/ul>\n","protected":false},"excerpt":{"rendered":"<p>Jahrgang: 2011 (j\u00fcngere F-Jugend) Spielzeit: 1 x 10 Minuten Pausen: 2 Minuten Pl\u00e4tze: 3 Rasenpl\u00e4tze Modus: 7 gegen 7 Turnierbeginn: 9 Uhr Turnierende: ca. 13:30 Uhr Tag des Turniers: Samstag, den 15.06.2019 Turnierplan: Download (PDF &#8211; 42 kb) Teilnehmer (15\/16) JSG Beuel F2 JSG Beuel F4 SV Deutz 05 SV Rot-Wei\u00df R\u00f6ttgen I &amp; II&#8230; <a href=\"https:\/\/www.franzelbernturnier.de\/index.php\/archiv\/turnierplaene-2024\/f-jugend-jh-2011\/\" class=\"more-link\">Weiterlesen <span class=\"screen-reader-text\">F-Jugend (Jh. 2011)<\/span><\/a><\/p>\n","protected":false},"author":1,"featured_media":0,"parent":1184,"menu_order":0,"comment_status":"closed","ping_status":"closed","template":"","meta":{"footnotes":""},"class_list":["post-1217","page","type-page","status-publish","hentry"],"_links":{"self":[{"href":"https:\/\/www.franzelbernturnier.de\/index.php\/wp-json\/wp\/v2\/pages\/1217","targetHints":{"allow":["GET"]}}],"collection":[{"href":"https:\/\/www.franzelbernturnier.de\/index.php\/wp-json\/wp\/v2\/pages"}],"about":[{"href":"https:\/\/www.franzelbernturnier.de\/index.php\/wp-json\/wp\/v2\/types\/page"}],"author":[{"embeddable":true,"href":"https:\/\/www.franzelbernturnier.de\/index.php\/wp-json\/wp\/v2\/users\/1"}],"replies":[{"embeddable":true,"href":"https:\/\/www.franzelbernturnier.de\/index.php\/wp-json\/wp\/v2\/comments?post=1217"}],"version-history":[{"count":34,"href":"https:\/\/www.franzelbernturnier.de\/index.php\/wp-json\/wp\/v2\/pages\/1217\/revisions"}],"predecessor-version":[{"id":1225,"href":"https:\/\/www.franzelbernturnier.de\/index.php\/wp-json\/wp\/v2\/pages\/1217\/revisions\/1225"}],"up":[{"embeddable":true,"href":"https:\/\/www.franzelbernturnier.de\/index.php\/wp-json\/wp\/v2\/pages\/1184"}],"wp:attachment":[{"href":"https:\/\/www.franzelbernturnier.de\/index.php\/wp-json\/wp\/v2\/media?parent=1217"}],"curies":[{"name":"wp","href":"https:\/\/api.w.org\/{rel}","templated":true}]}}