{"id":254,"date":"2016-06-29T11:58:49","date_gmt":"2016-06-29T09:58:49","guid":{"rendered":"https:\/\/www.franzelbernturnier.de\/?page_id=254"},"modified":"2017-06-19T10:12:58","modified_gmt":"2017-06-19T08:12:58","slug":"f-jugend-2008","status":"publish","type":"page","link":"https:\/\/www.franzelbernturnier.de\/index.php\/archiv\/turnierplaene-ergebnisse-2017\/f-jugend-2008\/","title":{"rendered":"F-Jugend (Jh. 2008)"},"content":{"rendered":"<p>Jahrgang: 2008 (\u00e4ltere F-Jugend)<br \/>\nSpielzeit: 1 x 10 Minuten<br \/>\nPausen: 2 Minuten<br \/>\nPl\u00e4tze: 2 Rasenpl\u00e4tze, 1 Kunstrasenplatz<br \/>\nModus: 7 gegen 7<br \/>\nTurnierbeginn: 09:30 Uhr<br \/>\nTurnierende: ca. 14:00 Uhr<br \/>\nTag des Turniers: Samstag, den 10.06.20017<br \/>\nTurniermodus: Vorrunde, Viertel-, Halb-, und Finale, sowie Spiel um Platz 3.<\/p>\n<p>[championship league_id=14]<\/p>\n","protected":false},"excerpt":{"rendered":"<p>Jahrgang: 2008 (\u00e4ltere F-Jugend) Spielzeit: 1 x 10 Minuten Pausen: 2 Minuten Pl\u00e4tze: 2 Rasenpl\u00e4tze, 1 Kunstrasenplatz Modus: 7 gegen 7 Turnierbeginn: 09:30 Uhr Turnierende: ca. 14:00 Uhr Tag des Turniers: Samstag, den 10.06.20017 Turniermodus: Vorrunde, Viertel-, Halb-, und Finale, sowie Spiel um Platz 3. [championship league_id=14]<\/p>\n","protected":false},"author":1,"featured_media":0,"parent":49,"menu_order":0,"comment_status":"closed","ping_status":"closed","template":"","meta":{"footnotes":""},"class_list":["post-254","page","type-page","status-publish","hentry"],"_links":{"self":[{"href":"https:\/\/www.franzelbernturnier.de\/index.php\/wp-json\/wp\/v2\/pages\/254","targetHints":{"allow":["GET"]}}],"collection":[{"href":"https:\/\/www.franzelbernturnier.de\/index.php\/wp-json\/wp\/v2\/pages"}],"about":[{"href":"https:\/\/www.franzelbernturnier.de\/index.php\/wp-json\/wp\/v2\/types\/page"}],"author":[{"embeddable":true,"href":"https:\/\/www.franzelbernturnier.de\/index.php\/wp-json\/wp\/v2\/users\/1"}],"replies":[{"embeddable":true,"href":"https:\/\/www.franzelbernturnier.de\/index.php\/wp-json\/wp\/v2\/comments?post=254"}],"version-history":[{"count":34,"href":"https:\/\/www.franzelbernturnier.de\/index.php\/wp-json\/wp\/v2\/pages\/254\/revisions"}],"predecessor-version":[{"id":973,"href":"https:\/\/www.franzelbernturnier.de\/index.php\/wp-json\/wp\/v2\/pages\/254\/revisions\/973"}],"up":[{"embeddable":true,"href":"https:\/\/www.franzelbernturnier.de\/index.php\/wp-json\/wp\/v2\/pages\/49"}],"wp:attachment":[{"href":"https:\/\/www.franzelbernturnier.de\/index.php\/wp-json\/wp\/v2\/media?parent=254"}],"curies":[{"name":"wp","href":"https:\/\/api.w.org\/{rel}","templated":true}]}}