{"id":261,"date":"2016-06-29T12:04:07","date_gmt":"2016-06-29T10:04:07","guid":{"rendered":"https:\/\/www.franzelbernturnier.de\/?page_id=261"},"modified":"2017-06-19T10:17:48","modified_gmt":"2017-06-19T08:17:48","slug":"bambini-g-jugend-jh-2011","status":"publish","type":"page","link":"https:\/\/www.franzelbernturnier.de\/index.php\/archiv\/turnierplaene-ergebnisse-2017\/bambini-g-jugend-jh-2011\/","title":{"rendered":"Bambini (G-Jugend Jh. 2011)"},"content":{"rendered":"<p>Jahrgang: 2011 Bambini (G-Jugend)<br \/>\nSpielzeit: 1 x 10 Minuten<br \/>\nPausen: 5 Minuten<br \/>\nPl\u00e4tze: 2 Rasenpl\u00e4tze<br \/>\nTurnierbeginn: 10:00 Uhr<br \/>\nTurnierende: ca. 14:00 Uhr<br \/>\nTag des Turniers: Samstag, den 17.06.20017<br \/>\nTurniermodus: 5 Runden im Schweizer System<\/p>\n<p>Teilnehmer waren:<\/p>\n<ul>\n<li>BSV Roleber<\/li>\n<li>VfL Alfter<\/li>\n<li>SC Fortuna K\u00f6ln<\/li>\n<li>SV Ennert<\/li>\n<li>Oberkasseler FV<\/li>\n<li>SSV Ostheim K\u00f6ln<\/li>\n<li>FV Preu\u00dfen Bonn<\/li>\n<li>JSG Beuel G2<\/li>\n<\/ul>\n","protected":false},"excerpt":{"rendered":"<p>Jahrgang: 2011 Bambini (G-Jugend) Spielzeit: 1 x 10 Minuten Pausen: 5 Minuten Pl\u00e4tze: 2 Rasenpl\u00e4tze Turnierbeginn: 10:00 Uhr Turnierende: ca. 14:00 Uhr Tag des Turniers: Samstag, den 17.06.20017 Turniermodus: 5 Runden im Schweizer System Teilnehmer waren: BSV Roleber VfL Alfter SC Fortuna K\u00f6ln SV Ennert Oberkasseler FV SSV Ostheim K\u00f6ln FV Preu\u00dfen Bonn JSG Beuel&#8230; <a href=\"https:\/\/www.franzelbernturnier.de\/index.php\/archiv\/turnierplaene-ergebnisse-2017\/bambini-g-jugend-jh-2011\/\" class=\"more-link\">Weiterlesen <span class=\"screen-reader-text\">Bambini (G-Jugend Jh. 2011)<\/span><\/a><\/p>\n","protected":false},"author":1,"featured_media":0,"parent":49,"menu_order":0,"comment_status":"closed","ping_status":"closed","template":"","meta":{"footnotes":""},"class_list":["post-261","page","type-page","status-publish","hentry"],"_links":{"self":[{"href":"https:\/\/www.franzelbernturnier.de\/index.php\/wp-json\/wp\/v2\/pages\/261","targetHints":{"allow":["GET"]}}],"collection":[{"href":"https:\/\/www.franzelbernturnier.de\/index.php\/wp-json\/wp\/v2\/pages"}],"about":[{"href":"https:\/\/www.franzelbernturnier.de\/index.php\/wp-json\/wp\/v2\/types\/page"}],"author":[{"embeddable":true,"href":"https:\/\/www.franzelbernturnier.de\/index.php\/wp-json\/wp\/v2\/users\/1"}],"replies":[{"embeddable":true,"href":"https:\/\/www.franzelbernturnier.de\/index.php\/wp-json\/wp\/v2\/comments?post=261"}],"version-history":[{"count":27,"href":"https:\/\/www.franzelbernturnier.de\/index.php\/wp-json\/wp\/v2\/pages\/261\/revisions"}],"predecessor-version":[{"id":978,"href":"https:\/\/www.franzelbernturnier.de\/index.php\/wp-json\/wp\/v2\/pages\/261\/revisions\/978"}],"up":[{"embeddable":true,"href":"https:\/\/www.franzelbernturnier.de\/index.php\/wp-json\/wp\/v2\/pages\/49"}],"wp:attachment":[{"href":"https:\/\/www.franzelbernturnier.de\/index.php\/wp-json\/wp\/v2\/media?parent=261"}],"curies":[{"name":"wp","href":"https:\/\/api.w.org\/{rel}","templated":true}]}}