{"id":2843,"date":"2025-01-15T15:18:39","date_gmt":"2025-01-15T14:18:39","guid":{"rendered":"https:\/\/www.franzelbernturnier.de\/?page_id=2843"},"modified":"2026-01-22T14:24:29","modified_gmt":"2026-01-22T13:24:29","slug":"2025turnierplaene","status":"publish","type":"page","link":"https:\/\/www.franzelbernturnier.de\/index.php\/archiv\/2025turnierplaene\/","title":{"rendered":"Turnierpl\u00e4ne FET 2025"},"content":{"rendered":"<p>Nachfolgend findet ihr alle Turnierinformationen zum 11. Franz-Elbern-Turnier im Jahr 2025. Wir erwarten \u00fcber 120 Mannschaften. In den letzten Jahren kamen die Teams aus Nordrhein-Westfalen (aus den Fu\u00dfballkreisen Bonn, K\u00f6ln, Rhein-Sieg, Berg, D\u00fcren) und dem Fu\u00dfballverband Rheinland-Pfalz. Eingeladen sind alle Fu\u00dfballteams, egal aus welcher Region, welchem Land.<\/p>\n<p><a href=\"https:\/\/www.franzelbernturnier.de\/index.php\/turnierplaene\/g-jugend-u6-jg-2019\/\"><strong>U6 Turnier (2019er)<\/strong><\/a><\/p>\n<ul>\n<li>Turniertag: 22.06.2025<\/li>\n<li>Spielefest 3 gg. 3<\/li>\n<li>Funino<\/li>\n<\/ul>\n<p><a href=\"https:\/\/www.franzelbernturnier.de\/index.php\/turnierplaene\/g-jugend-u7-jg-2018\/\"><strong>U7 Turnier (2018er)<\/strong><\/a><\/p>\n<ul>\n<li>Turniertag: 22.06.2025<\/li>\n<li>Spielefest 3 gg. 3<\/li>\n<li>Funino<\/li>\n<\/ul>\n<p><a href=\"https:\/\/www.franzelbernturnier.de\/index.php\/turnierplaene\/f-jugend-u8-jg-2017\/\"><strong>U8 Turnier (2017er)<\/strong><\/a><\/p>\n<ul>\n<li>Turniertag: 21.06.2025<\/li>\n<li>Spielmodus: 4 gg. 4 auf 4 Minitore<\/li>\n<li>mit Spielwertungen<\/li>\n<\/ul>\n<p><a href=\"https:\/\/www.franzelbernturnier.de\/index.php\/turnierplaene\/f-jugend-u9-jg-2016\/\"><strong>U9 Turnier (2016er)<\/strong><\/a><\/p>\n<ul>\n<li>Turniertag: 19.06.2025<\/li>\n<li>Spielmodus: 5 gegen 5 Spieler<\/li>\n<li>Kleinfeld<\/li>\n<\/ul>\n<p><a href=\"https:\/\/www.franzelbernturnier.de\/index.php\/turnierplaene\/e-jugend-u10-jg-2015\/\"><strong>U10 Turnier (2015er)<\/strong><\/a><\/p>\n<ul>\n<li>Turniertag: 22.06.2025<\/li>\n<li>Spielmodus: 5 gegen 5 Spieler<\/li>\n<li>Kleinfeld<\/li>\n<\/ul>\n<p><s><strong>U11 Turnier (2014er)<\/strong><\/s><\/p>\n<p><a href=\"https:\/\/www.franzelbernturnier.de\/index.php\/turnierplaene\/d-jugend-u12-jg-2013\/\"><strong>U12 Turnier (2013 und j\u00fcnger)<\/strong><\/a><\/p>\n<ul>\n<li>Turniertag: 21.06.2025<\/li>\n<li>Spielmodus: 9 gegen 9 Spieler<\/li>\n<li>Kleinfeld<\/li>\n<\/ul>\n<p><a href=\"https:\/\/www.franzelbernturnier.de\/index.php\/turnierplaene\/d-jugend-u13-jg-2012\/\"><strong>U13 Turnier (2012er)<\/strong><\/a><\/p>\n<ul>\n<li>Turniertag: 19.06.2025<\/li>\n<li>Spielmodus: 9 gegen 9 Spieler<\/li>\n<li>Kleinfeld<\/li>\n<\/ul>\n<p><a href=\"https:\/\/www.franzelbernturnier.de\/index.php\/turnierplaene\/c-jugend-jg-2010-2011\/\"><strong>U15 Turnier (2010\/2011er)<\/strong><\/a><\/p>\n<ul>\n<li>Turniertag: 21.06.2025<\/li>\n<li>Spielmodus: 11 gegen 11 Spieler<\/li>\n<li>Gro\u00dffeld<\/li>\n<\/ul>\n<p><a href=\"https:\/\/www.franzelbernturnier.de\/index.php\/turnierplaene\/b-jugend-jg-2008-2009\/\"><strong>U17 Turnier (2008\/2009er)<\/strong><\/a><\/p>\n<ul>\n<li>Turniertag: 19.06.2025<\/li>\n<li>Spielmodus: 11 gegen 11 Spieler<\/li>\n<li>Gro\u00dffeld<\/li>\n<\/ul>\n<p><del><strong>U19 Turnier (2006\/2007er)<\/strong><\/del><\/p>\n<ul>\n<li><del>Turniertag: 19.06.2025<\/del><\/li>\n<li><del>Spielmodus: 11 gegen 11 Spieler<\/del><\/li>\n<li><del>Gro\u00dffeld<\/del><\/li>\n<\/ul>\n<p><strong>Allgemein<\/strong><br \/>\n&#8211; Turniermeldebogen bitte bis 15 min. vor Turnierbeginn am Turniertag vollst\u00e4ndig \u00fcbers DFBnet freigeben<br \/>\n&#8211; 4 Umkleidekabinen (inkl. Duschen) stehen zum Umziehen zur Verf\u00fcgung. Bitte alle Sachen wieder mit aus der Kabine nehmen. Wir \u00fcbernehmen keine Haftung!<\/p>\n<hr \/>\n<p><strong>Spielefest\/Funino:<\/strong><\/p>\n<p>Grunds\u00e4tzlich wird es auch einen Spielplan f\u00fcr die Spielefeste geben.<\/p>\n<p>Gespielt wird auf 4 Minitore.<br \/>\nJe Verein k\u00f6nnen je Jahrgang (2019, 2018) jeweils maximal 3 Teams teilnehmen.<\/p>\n<p>Bei den U8, U9 und U10 Turnieren d\u00fcrfen maximal 2 Teams je Verein teilnehmen, U12 bis U19 gilt je Verein ein Team.<\/p>\n","protected":false},"excerpt":{"rendered":"<p>Nachfolgend findet ihr alle Turnierinformationen zum 11. Franz-Elbern-Turnier im Jahr 2025. Wir erwarten \u00fcber 120 Mannschaften. In den letzten Jahren kamen die Teams aus Nordrhein-Westfalen (aus den Fu\u00dfballkreisen Bonn, K\u00f6ln, Rhein-Sieg, Berg, D\u00fcren) und dem Fu\u00dfballverband Rheinland-Pfalz. Eingeladen sind alle Fu\u00dfballteams, egal aus welcher Region, welchem Land. U6 Turnier (2019er) Turniertag: 22.06.2025 Spielefest 3 gg.&#8230; <a href=\"https:\/\/www.franzelbernturnier.de\/index.php\/archiv\/2025turnierplaene\/\" class=\"more-link\">Weiterlesen <span class=\"screen-reader-text\">Turnierpl\u00e4ne FET 2025<\/span><\/a><\/p>\n","protected":false},"author":1,"featured_media":0,"parent":58,"menu_order":0,"comment_status":"closed","ping_status":"closed","template":"","meta":{"footnotes":""},"class_list":["post-2843","page","type-page","status-publish","hentry"],"_links":{"self":[{"href":"https:\/\/www.franzelbernturnier.de\/index.php\/wp-json\/wp\/v2\/pages\/2843","targetHints":{"allow":["GET"]}}],"collection":[{"href":"https:\/\/www.franzelbernturnier.de\/index.php\/wp-json\/wp\/v2\/pages"}],"about":[{"href":"https:\/\/www.franzelbernturnier.de\/index.php\/wp-json\/wp\/v2\/types\/page"}],"author":[{"embeddable":true,"href":"https:\/\/www.franzelbernturnier.de\/index.php\/wp-json\/wp\/v2\/users\/1"}],"replies":[{"embeddable":true,"href":"https:\/\/www.franzelbernturnier.de\/index.php\/wp-json\/wp\/v2\/comments?post=2843"}],"version-history":[{"count":10,"href":"https:\/\/www.franzelbernturnier.de\/index.php\/wp-json\/wp\/v2\/pages\/2843\/revisions"}],"predecessor-version":[{"id":3286,"href":"https:\/\/www.franzelbernturnier.de\/index.php\/wp-json\/wp\/v2\/pages\/2843\/revisions\/3286"}],"up":[{"embeddable":true,"href":"https:\/\/www.franzelbernturnier.de\/index.php\/wp-json\/wp\/v2\/pages\/58"}],"wp:attachment":[{"href":"https:\/\/www.franzelbernturnier.de\/index.php\/wp-json\/wp\/v2\/media?parent=2843"}],"curies":[{"name":"wp","href":"https:\/\/api.w.org\/{rel}","templated":true}]}}